{"id":3,"date":"2008-02-20T20:07:17","date_gmt":"2008-02-20T19:07:17","guid":{"rendered":"http:\/\/blog.imfer.com.mialias.net\/?page_id=3"},"modified":"2018-06-21T13:26:40","modified_gmt":"2018-06-21T11:26:40","slug":"contacto","status":"publish","type":"page","link":"https:\/\/www.imferblog.com\/?page_id=3","title":{"rendered":"Contacto"},"content":{"rendered":"<p><strong>Instituto Murciano de Fertilidad S.L.P. Unipersonal (IMFER)<\/strong><\/p>\n<p>Avenida de los Pinos, 5, Edificio Ol\u00edmpico &#8211; 30009 Murcia<\/p>\n<p>Inscrita en el R.M. de Murcia. Tomo 1.471. Libro 0. Folio 90. Hoja MU-25539. Inscripci\u00f3n 4.<\/p>\n<p>CIF: B-30595516.<\/p>\n<p>Tel\u00e9fonos: 968 28 28 66 \/ 968 23 51 26<br \/>\nFax: 968 93 13 02<br \/>\nEmail: <a title=\"Email\" href=\"mailto:imfer@imfer.com\">imfer@imfer.com<\/a><\/p>\n<p>Horario:<br \/>\nLunes, Martes y Viernes: 09 a 17 horas.<br \/>\nMi\u00e9rcoles y Jueves: 09 a 21 horas.<br \/>\nS\u00e1bado y Domingo, seg\u00fan requerimientos del tratamiento<\/p>\n<p><strong>Tambi\u00e9n puede usar el siguiente formulario para hacernos una consulta:<\/strong><\/p>\n\n<div class=\"wpcf7 no-js\" id=\"wpcf7-f2587-o1\" lang=\"en-US\" dir=\"ltr\" data-wpcf7-id=\"2587\">\n<div class=\"screen-reader-response\"><p role=\"status\" aria-live=\"polite\" aria-atomic=\"true\"><\/p> <ul><\/ul><\/div>\n<form action=\"\/index.php?rest_route=%2Fwp%2Fv2%2Fpages%2F3#wpcf7-f2587-o1\" method=\"post\" class=\"wpcf7-form init\" aria-label=\"Contact form\" novalidate=\"novalidate\" data-status=\"init\">\n<fieldset class=\"hidden-fields-container\"><input type=\"hidden\" name=\"_wpcf7\" value=\"2587\" \/><input type=\"hidden\" name=\"_wpcf7_version\" value=\"6.1.5\" \/><input type=\"hidden\" name=\"_wpcf7_locale\" value=\"en_US\" \/><input type=\"hidden\" name=\"_wpcf7_unit_tag\" value=\"wpcf7-f2587-o1\" \/><input type=\"hidden\" name=\"_wpcf7_container_post\" value=\"0\" \/><input type=\"hidden\" name=\"_wpcf7_posted_data_hash\" value=\"\" \/>\n<\/fieldset>\n<p>Nombre (obligatorio)\n<\/p>\n<p><span class=\"wpcf7-form-control-wrap\" data-name=\"your-name\"><input size=\"40\" maxlength=\"400\" class=\"wpcf7-form-control wpcf7-text wpcf7-validates-as-required\" aria-required=\"true\" aria-invalid=\"false\" value=\"\" type=\"text\" name=\"your-name\" \/><\/span>\n<\/p>\n<p>Email (obligatorio)\n<\/p>\n<p><span class=\"wpcf7-form-control-wrap\" data-name=\"your-email\"><input size=\"40\" maxlength=\"400\" class=\"wpcf7-form-control wpcf7-email wpcf7-validates-as-required wpcf7-text wpcf7-validates-as-email\" aria-required=\"true\" aria-invalid=\"false\" value=\"\" type=\"email\" name=\"your-email\" \/><\/span>\n<\/p>\n<p>Telefono (obligatorio)\n<\/p>\n<p><span class=\"wpcf7-form-control-wrap\" data-name=\"tel-562\"><input size=\"40\" maxlength=\"400\" class=\"wpcf7-form-control wpcf7-tel wpcf7-validates-as-required wpcf7-text wpcf7-validates-as-tel\" aria-required=\"true\" aria-invalid=\"false\" value=\"\" type=\"tel\" name=\"tel-562\" \/><\/span>\n<\/p>\n<p>Mensaje\n<\/p>\n<p><span class=\"wpcf7-form-control-wrap\" data-name=\"your-message\"><textarea cols=\"40\" rows=\"10\" maxlength=\"2000\" class=\"wpcf7-form-control wpcf7-textarea\" aria-invalid=\"false\" name=\"your-message\"><\/textarea><\/span>\n<\/p>\n<p><input class=\"wpcf7-form-control wpcf7-submit has-spinner\" type=\"submit\" value=\"Enviar\" \/>\n<\/p><p style=\"display: none !important;\" class=\"akismet-fields-container\" data-prefix=\"_wpcf7_ak_\"><label>&#916;<textarea name=\"_wpcf7_ak_hp_textarea\" cols=\"45\" rows=\"8\" maxlength=\"100\"><\/textarea><\/label><input type=\"hidden\" id=\"ak_js_1\" name=\"_wpcf7_ak_js\" value=\"178\"\/><script type=\"text\/javascript\">\n\/* <![CDATA[ *\/\ndocument.getElementById( \"ak_js_1\" ).setAttribute( \"value\", ( new Date() ).getTime() );\n\/* ]]> *\/\n<\/script>\n<\/p><div class=\"wpcf7-response-output\" aria-hidden=\"true\"><\/div>\n<\/form>\n<\/div>\n\n","protected":false},"excerpt":{"rendered":"<p>Instituto Murciano de Fertilidad S.L.P. Unipersonal (IMFER) Avenida de los Pinos, 5, Edificio Ol\u00edmpico &#8211; 30009 Murcia Inscrita en el R.M. de Murcia. Tomo 1.471. Libro 0. Folio 90. Hoja MU-25539. Inscripci\u00f3n 4. CIF: B-30595516. Tel\u00e9fonos: 968 28 28 66 \/ 968 23 51 26 Fax: 968 93 13 02 &#8230;<\/p>\n","protected":false},"author":1,"featured_media":0,"parent":0,"menu_order":4,"comment_status":"closed","ping_status":"open","template":"","meta":{"footnotes":""},"class_list":["post-3","page","type-page","status-publish","hentry","h-entry"],"yoast_head":"<!-- This site is optimized with the Yoast SEO Premium plugin v27.5 (Yoast SEO v27.6) - https:\/\/yoast.com\/product\/yoast-seo-premium-wordpress\/ -->\n<title>como contactar con IMFER<\/title>\n<meta name=\"description\" content=\"direccion IMFER, telefono IMFER, horario IMFER, contacto IMFER, IMFER lideres en reproducci\u00f3n asistida en la regi\u00f3n de Murcia\" \/>\n<meta name=\"robots\" content=\"index, follow, max-snippet:-1, max-image-preview:large, max-video-preview:-1\" \/>\n<link rel=\"canonical\" href=\"https:\/\/www.imferblog.com\/?page_id=3\" \/>\n<meta property=\"og:locale\" content=\"es_ES\" \/>\n<meta property=\"og:type\" content=\"article\" \/>\n<meta property=\"og:title\" content=\"Contacto\" \/>\n<meta property=\"og:description\" content=\"direccion IMFER, telefono IMFER, horario IMFER, contacto IMFER, IMFER lideres en reproducci\u00f3n asistida en la regi\u00f3n de Murcia\" \/>\n<meta property=\"og:url\" content=\"https:\/\/www.imferblog.com\/?page_id=3\" \/>\n<meta property=\"og:site_name\" content=\"IMFER MURCIA\" \/>\n<meta property=\"article:modified_time\" content=\"2018-06-21T11:26:40+00:00\" \/>\n<meta property=\"og:image\" content=\"https:\/\/www.imferblog.com\/wp-content\/uploads\/2018\/11\/imfer-instituto-murciano-de-fertilidad.jpg\" \/>\n\t<meta property=\"og:image:width\" content=\"760\" \/>\n\t<meta property=\"og:image:height\" content=\"327\" \/>\n\t<meta property=\"og:image:type\" content=\"image\/jpeg\" \/>\n<meta name=\"twitter:card\" content=\"summary_large_image\" \/>\n<script type=\"application\/ld+json\" class=\"yoast-schema-graph\">{\"@context\":\"https:\\\/\\\/schema.org\",\"@graph\":[{\"@type\":\"WebPage\",\"@id\":\"https:\\\/\\\/www.imferblog.com\\\/?page_id=3\",\"url\":\"https:\\\/\\\/www.imferblog.com\\\/?page_id=3\",\"name\":\"como contactar con IMFER\",\"isPartOf\":{\"@id\":\"https:\\\/\\\/www.imferblog.com\\\/#website\"},\"datePublished\":\"2008-02-20T19:07:17+00:00\",\"dateModified\":\"2018-06-21T11:26:40+00:00\",\"description\":\"direccion IMFER, telefono IMFER, horario IMFER, contacto IMFER, IMFER lideres en reproducci\u00f3n asistida en la regi\u00f3n de Murcia\",\"inLanguage\":\"es\",\"potentialAction\":[{\"@type\":\"ReadAction\",\"target\":[\"https:\\\/\\\/www.imferblog.com\\\/?page_id=3\"]}]},{\"@type\":\"WebSite\",\"@id\":\"https:\\\/\\\/www.imferblog.com\\\/#website\",\"url\":\"https:\\\/\\\/www.imferblog.com\\\/\",\"name\":\"IMFER MURCIA\",\"description\":\"Blog donde encontrar\u00e1s todo lo que quieres saber de fertilidad\",\"publisher\":{\"@id\":\"https:\\\/\\\/www.imferblog.com\\\/#organization\"},\"potentialAction\":[{\"@type\":\"SearchAction\",\"target\":{\"@type\":\"EntryPoint\",\"urlTemplate\":\"https:\\\/\\\/www.imferblog.com\\\/?s={search_term_string}\"},\"query-input\":{\"@type\":\"PropertyValueSpecification\",\"valueRequired\":true,\"valueName\":\"search_term_string\"}}],\"inLanguage\":\"es\"},{\"@type\":\"Organization\",\"@id\":\"https:\\\/\\\/www.imferblog.com\\\/#organization\",\"name\":\"IMFER\",\"url\":\"https:\\\/\\\/www.imferblog.com\\\/\",\"logo\":{\"@type\":\"ImageObject\",\"inLanguage\":\"es\",\"@id\":\"https:\\\/\\\/www.imferblog.com\\\/#\\\/schema\\\/logo\\\/image\\\/\",\"url\":\"https:\\\/\\\/www.imferblog.com\\\/wp-content\\\/uploads\\\/2014\\\/11\\\/foto-logo-imfer-generica.jpg\",\"contentUrl\":\"https:\\\/\\\/www.imferblog.com\\\/wp-content\\\/uploads\\\/2014\\\/11\\\/foto-logo-imfer-generica.jpg\",\"width\":760,\"height\":351,\"caption\":\"IMFER\"},\"image\":{\"@id\":\"https:\\\/\\\/www.imferblog.com\\\/#\\\/schema\\\/logo\\\/image\\\/\"}}]}<\/script>\n<!-- \/ Yoast SEO Premium plugin. -->","yoast_head_json":{"title":"como contactar con IMFER","description":"direccion IMFER, telefono IMFER, horario IMFER, contacto IMFER, IMFER lideres en reproducci\u00f3n asistida en la regi\u00f3n de Murcia","robots":{"index":"index","follow":"follow","max-snippet":"max-snippet:-1","max-image-preview":"max-image-preview:large","max-video-preview":"max-video-preview:-1"},"canonical":"https:\/\/www.imferblog.com\/?page_id=3","og_locale":"es_ES","og_type":"article","og_title":"Contacto","og_description":"direccion IMFER, telefono IMFER, horario IMFER, contacto IMFER, IMFER lideres en reproducci\u00f3n asistida en la regi\u00f3n de Murcia","og_url":"https:\/\/www.imferblog.com\/?page_id=3","og_site_name":"IMFER MURCIA","article_modified_time":"2018-06-21T11:26:40+00:00","og_image":[{"width":760,"height":327,"url":"https:\/\/www.imferblog.com\/wp-content\/uploads\/2018\/11\/imfer-instituto-murciano-de-fertilidad.jpg","type":"image\/jpeg"}],"twitter_card":"summary_large_image","schema":{"@context":"https:\/\/schema.org","@graph":[{"@type":"WebPage","@id":"https:\/\/www.imferblog.com\/?page_id=3","url":"https:\/\/www.imferblog.com\/?page_id=3","name":"como contactar con IMFER","isPartOf":{"@id":"https:\/\/www.imferblog.com\/#website"},"datePublished":"2008-02-20T19:07:17+00:00","dateModified":"2018-06-21T11:26:40+00:00","description":"direccion IMFER, telefono IMFER, horario IMFER, contacto IMFER, IMFER lideres en reproducci\u00f3n asistida en la regi\u00f3n de Murcia","inLanguage":"es","potentialAction":[{"@type":"ReadAction","target":["https:\/\/www.imferblog.com\/?page_id=3"]}]},{"@type":"WebSite","@id":"https:\/\/www.imferblog.com\/#website","url":"https:\/\/www.imferblog.com\/","name":"IMFER MURCIA","description":"Blog donde encontrar\u00e1s todo lo que quieres saber de fertilidad","publisher":{"@id":"https:\/\/www.imferblog.com\/#organization"},"potentialAction":[{"@type":"SearchAction","target":{"@type":"EntryPoint","urlTemplate":"https:\/\/www.imferblog.com\/?s={search_term_string}"},"query-input":{"@type":"PropertyValueSpecification","valueRequired":true,"valueName":"search_term_string"}}],"inLanguage":"es"},{"@type":"Organization","@id":"https:\/\/www.imferblog.com\/#organization","name":"IMFER","url":"https:\/\/www.imferblog.com\/","logo":{"@type":"ImageObject","inLanguage":"es","@id":"https:\/\/www.imferblog.com\/#\/schema\/logo\/image\/","url":"https:\/\/www.imferblog.com\/wp-content\/uploads\/2014\/11\/foto-logo-imfer-generica.jpg","contentUrl":"https:\/\/www.imferblog.com\/wp-content\/uploads\/2014\/11\/foto-logo-imfer-generica.jpg","width":760,"height":351,"caption":"IMFER"},"image":{"@id":"https:\/\/www.imferblog.com\/#\/schema\/logo\/image\/"}}]}},"_links":{"self":[{"href":"https:\/\/www.imferblog.com\/index.php?rest_route=\/wp\/v2\/pages\/3","targetHints":{"allow":["GET"]}}],"collection":[{"href":"https:\/\/www.imferblog.com\/index.php?rest_route=\/wp\/v2\/pages"}],"about":[{"href":"https:\/\/www.imferblog.com\/index.php?rest_route=\/wp\/v2\/types\/page"}],"author":[{"embeddable":true,"href":"https:\/\/www.imferblog.com\/index.php?rest_route=\/wp\/v2\/users\/1"}],"replies":[{"embeddable":true,"href":"https:\/\/www.imferblog.com\/index.php?rest_route=%2Fwp%2Fv2%2Fcomments&post=3"}],"version-history":[{"count":0,"href":"https:\/\/www.imferblog.com\/index.php?rest_route=\/wp\/v2\/pages\/3\/revisions"}],"wp:attachment":[{"href":"https:\/\/www.imferblog.com\/index.php?rest_route=%2Fwp%2Fv2%2Fmedia&parent=3"}],"curies":[{"name":"wp","href":"https:\/\/api.w.org\/{rel}","templated":true}]}}